p = -y*m + 470, 313 = 2*m - p. List the prime factors of m.
157
Let z(c) be the second derivative of 11/2*c**2 - 39*c + 0 + 13/2*c**3. List the prime factors of z(5).
2, 103
Suppose 0 = 5*f - 2*n - 33, -5*f + 8*n - 4*n + 31 = 0. Suppose 5*a + 426 = f*a. Let u = -149 + a. List the prime factors of u.
2
Let s be 1/(-2)*1*-1*10. Suppose -s*z - 130 + 160 = 0. Suppose -5*d - k - 2*k = -z, 0 = 5*d - 4*k - 27. What are the prime factors of d?
3
Suppose -3*o = -2*z - 3795, 15*z - 19*z = -14*o + 17710. List the prime factors of o.
5, 11, 23
Suppose -338199 - 75951 = -22*a. List the prime factors of a.
3, 5, 251
Let n(k) = 2*k**2 - 22*k + 9. Let x be n(12). Suppose -31*h + x*h = 72. List the prime factors of h.
2, 3
Let h(m) = 80*m**3 - 14*m**2 + 19*m + 19. What are the prime factors of h(6)?
37, 457
Suppose 10*z = 28*z - 5454. Let y = z - 111. List the prime factors of y.
2, 3
Suppose 0 = -4*f + 12, -k - 3*f + 7 = -8*f. Suppose -27*g + k*g + 605 = 0. List the prime factors of g.
11
Suppose s + 5 = 3*s + 3*d, 2*s + 2*d - 4 = 0. Let h(x) = -s + 2*x + x - 9. List the prime factors of h(9).
17
Suppose -12*m = -40210 + 19618. List the prime factors of m.
2, 3, 11, 13
Let b(r) = 791*r - 1788. What are the prime factors of b(22)?
2, 37, 211
Let u be 9 + 4/(4/(-1)). Suppose 1120 = u*h - h. What are the prime factors of (6/(-5))/((-4)/h)?
2, 3
Suppose 0 = -5*t + 120. Suppose 2*i = -t - 0. List the prime factors of (-28 - i)*38/(-4).
2, 19
Let y be -3 - (-7 - (-4 - -3)). Suppose y = 5*q - 2. What are the prime factors of (-1)/q*936/(-8)?
3, 13
Suppose 0 = -5*l - 2*y + 25621 + 41614, -4*y = -l + 13447. List the prime factors of l.
7, 17, 113
Let c(m) = -m**3 + 30*m**2 + 39*m - 45. Let q be c(29). Let s = -377 + q. What are the prime factors of s?
2, 5, 31
Let v(b) = 3*b**3 + b**2 + 2*b - 4. Let q be v(2). Suppose 30*u = q*u - 130. List the prime factors of (-4)/(-26) + (-5320)/u.
2, 41
Let h(g) = g + 18. Let s be h(-15). Let b(p) = 43*p - 30. What are the prime factors of b(s)?
3, 11
What are the prime factors of (-30095)/52*16/(-10)?
2, 463
Suppose -186*a - 183*a + 403000 = -364*a. List the prime factors of a.
2, 5, 13, 31
Suppose 185139 = -117*q + 144*q. List the prime factors of q.
6857
Suppose -o - 13 = 21 - 13. Let y(s) be the second derivative of -7*s**3/6 + 21*s**2 + s. What are the prime factors of y(o)?
3, 7
Let y = -13 - -17. What are the prime factors of (-3)/((-18)/507) + y/(-8)?
2, 3, 7
Suppose 48 + 9082 = 10*o. What are the prime factors of o?
11, 83
Suppose r + 0*r - 44 = -3*w, -w = -3*r + 122. Suppose -3*k - 5*i + 24 = 0, -3*i - r = -2*k + 2*i. What are the prime factors of k?
13
Suppose 0 = 19*r - 13*r - 41310. List the prime factors of r.
3, 5, 17
Let q(j) = -j**3 - j**2 + 1. Let y be q(-2). Suppose -47050*n + 106 = -47048*n. What are the prime factors of (y - (5 - 2))/(2/n)?
53
Let p be (-123 - -1547)/(6/(-4) + 2). Suppose -f - 3*o + 1433 = 0, -p = -2*f + 4*o + 68. What are the prime factors of f?
2, 181
Let n = 7620 - 1432. List the prime factors of n.
2, 7, 13, 17
Suppose -6207 = -24*b + 5457. What are the prime factors of (364/(-84))/((-3)/b)?
2, 3, 13
Suppose 4*h - 15 = -15. Let q be 26/2 + h/3. What are the prime factors of (q + -3)*(-371)/(-14)?
5, 53
Let a(s) = 46*s**2 + 181*s - 8401. List the prime factors of a(36).
57731
Let l be 1120/240 + 1/3. List the prime factors of 212/20*l + 6.
59
List the prime factors of (-4)/(98860/(-7112) + 14 + (-1)/10).
2, 5, 7, 127
Suppose 3*x = 249 - 15. Suppose x = -h + 4*w, -40 + 139 = -h - 3*w. Let r = 27 - h. List the prime factors of r.
3, 13
Suppose -37*q + 40*q - 11654 = -r, -46580 = -4*r - 3*q. List the prime factors of r.
2, 5821
What are the prime factors of 0 + 34/(-153) + (-651046)/(-18) + 2?
3, 4019
Suppose -w - t = -27822, 14*t - 11*t = 3*w - 83478. What are the prime factors of w?
2, 37, 47
Suppose -6013*o = -5979*o - 844254. List the prime factors of o.
3, 31, 89
Let n = -77 - -9. Let f = 176 + n. What are the prime factors of f?
2, 3
Suppose -q + 54*l + 15010 = 52*l, 0 = 5*q + l - 75050. What are the prime factors of q?
2, 5, 19, 79
Let l(q) = 4*q**2 - 4*q - 5. Let w be l(7). Let v = 549 - w. Suppose 26*m - 24*m = v. What are the prime factors of m?
193
Let d(y) = 2*y + 2. Let a(p) = p**2 + 2*p + 1. Let b be a(0). Let s be d(b). Suppose j - 37 = o + 49, 0 = -s*j - 2*o + 344. What are the prime factors of j?
2, 43
Let q = 49 - 46. Suppose -5*g + 175 = -q*v, -3*v - v = 5*g - 210. What are the prime factors of g?
2, 19
List the prime factors of (0 + (-29305)/(-25))*(1 + 15 + -6).
2, 5861
Let b(h) = 2320*h**2 - 40*h - 205. What are the prime factors of b(-4)?
5, 1483
Suppose -3*q = 2 - 32. Suppose 5*g = q, -8*w - 3 = -3*w - 4*g. Let b(c) = 80*c**2 - 2*c. List the prime factors of b(w).
2, 3, 13
Let g(c) = c**3 - 13*c**2 - 13*c - 15. Let y be g(14). What are the prime factors of (y - 5)/((-6)/39)?
3, 13
Suppose -4*j = -0*j - 3*i - 14616, 4*j + 5*i - 14648 = 0. List the prime factors of j.
3, 23, 53
Let u be (2/(-1) + 36/24)*8. What are the prime factors of u/(-14) - 41170/(-161)?
2
Let p(w) = -14*w + 22. Let m(a) = a**3 - a**2 - a - 6. Let h be m(3). Let o be p(h). Let g = o + 215. List the prime factors of g.
3, 37
List the prime factors of (((-1)/(-2))/1)/((-213)/(-3296814)).
71, 109
Let a = 140 + -140. What are the prime factors of (-1120)/(-15)*(a + 3)?
2, 7
Suppose 587*v = 684*v - 999391. List the prime factors of v.
10303
Let v be -1 - 0 - 40/(-4). List the prime factors of (12/v)/((-10)/(-480)).
2
Let r = -194 + 294. Let g = 69 + r. List the prime factors of g.
13
Suppose 0*i = 3*i - 516. Let m be 91478/371 - (-3)/7. Let o = m - i. What are the prime factors of o?
3, 5
Let n = 14 + -15. Let w be (1/1)/n - (-2 - 1). Suppose -5*j + 14 + 8 = -w*q, 16 = 4*q. What are the prime factors of j?
2, 3
Suppose 7*q + 16 = 15*q. Suppose 30 = -q*z + 508. What are the prime factors of z?
239
Suppose 0 = -38*h + 37*h - 440. Let c = 1075 + h. What are the prime factors of c?
5, 127
Suppose -3*o = -8*o - 2*d + 360966, 12*o = d + 866272. List the prime factors of o.
2, 5, 7219
Suppose -726*t + 417972 = 731*t - 1445*t. What are the prime factors of t?
61, 571
Let t = 57783 - 40947. What are the prime factors of t?
2, 3, 23, 61
Let n(y) = 1936*y + 327. List the prime factors of n(3).
3, 5, 409
Let f = -56 + 56. Suppose f = 5*r + 10, 0*v = 3*v + 3*r - 1389. What are the prime factors of v?
3, 5, 31
Suppose -285*n + 4394852 = 243*n - 451*n. What are the prime factors of n?
2, 19, 751
Let k = -283 - -304. Suppose -k*c + 2365 = -197. What are the prime factors of c?
2, 61
Let o(g) = 50*g**2 + 7*g + 44. List the prime factors of o(-9).
29, 139
Suppose 513 = 4*r + 97. Let a = r + -53. Suppose -55*c = -a*c - 256. List the prime factors of c.
2
Let h(q) be the second derivative of -6*q + 0 + 2*q**2 + 37/12*q**4 + 5/6*q**3. List the prime factors of h(-2).
2, 71
Let x(o) be the first derivative of 61*o**2/2 + 45*o - 95. What are the prime factors of x(7)?
2, 59
Let w be (10/(-6))/(30/(-72)). Suppose -3*v + 12 = 0, -4*l + w*v + 764 = -2*l. List the prime factors of l.
2, 3, 5, 13
Let w(o) = -2*o**2 - 30*o - 52. Let i be w(-11). What are the prime factors of ((-12)/(-54) - 152/i) + 1753?
3, 11, 53
Let u be (1 + -4*1)*-27*5. Let b = -230 + u. List the prime factors of b.
5, 7
Suppose 0 = -4*u - 2*h - 1130, 15*u - 10*u + 1415 = -3*h. List the prime factors of 5 - (-13)/((-13)/u).
3, 5, 19
Let a be 6/(-21) + -6*24/(-63). Let x be (-1)/a*(-266 - 2). Let i = x + -14. What are the prime factors of i?
2, 3, 5
Let l = 8840 - -15853. What are the prime factors of l?
3, 8231
Suppose -c - 3*p = -49247, c + 5*p - 41301 - 7948 = 0. What are the prime factors of c?
2, 13, 947
Let x = 29 - 14. Let z(p) = -p**2 + 12*p + 35. Let h be z(x). What are the prime factors of ((-505)/10)/(-3 + h/(-4))?
101
Let f = -36339 - -57493. List the prime factors of f.
2, 7, 1511
Suppose -4*c - 2*l = -2764, c + 3*l - 426 = 255. Let q = c - -523. List the prime factors of q.
2, 19
Let n(m) = 7*m**3 - 3*m**2 - m - 13. Let h be ((-425)/340)/(1/(-4)). List the prime factors of n(h).
2, 17, 23
Let l(o) = -3 + 747*o**3 + 11*o - 3*o**2 - 5*o + 0*o + 0. What are the prime factors of l(1)?
3, 83
Let d(v) = 3*v + 60. Let t be d(-16). Suppose -3*l + 1147 =